 remainder when 28630 is divided by 1536.
982
What is the remainder when 8651 is divided by 361?
348
Calculate the remainder when 16647 is divided by 238.
225
What is the remainder when 2923261 is divided by 21?
19
Calculate the remainder when 76916 is divided by 38452.
12
What is the remainder when 954 is divided by 130?
44
Calculate the remainder when 49076 is divided by 282.
8
Calculate the remainder when 7195 is divided by 599.
7
Calculate the remainder when 18740 is divided by 9362.
16
What is the remainder when 1838 is divided by 16?
14
What is the remainder when 1133 is divided by 1012?
121
Calculate the remainder when 1957 is divided by 151.
145
What is the remainder when 27391 is divided by 178?
157
Calculate the remainder when 45235 is divided by 110.
25
What is the remainder when 53969 is divided by 17987?
8
Calculate the remainder when 70451 is divided by 443.
14
What is the remainder when 418 is divided by 10?
8
Calculate the remainder when 7900 is divided by 262.
40
Calculate the remainder when 1056650 is divided by 330.
320
Calculate the remainder when 8372 is divided by 1667.
37
Calculate the remainder when 819565 is divided by 117080.
5
Calculate the remainder when 803 is divided by 475.
328
Calculate the remainder when 20398 is divided by 12.
10
Calculate the remainder when 5711 is divided by 211.
14
What is the remainder when 61807 is divided by 685?
157
What is the remainder when 79552 is divided by 15908?
12
What is the remainder when 216550 is divided by 108249?
52
What is the remainder when 13511 is divided by 183?
152
What is the remainder when 3374 is divided by 1604?
166
Calculate the remainder when 103197 is divided by 87.
15
What is the remainder when 8460 is divided by 8436?
24
What is the remainder when 2087 is divided by 12?
11
What is the remainder when 3429 is divided by 3421?
8
Calculate the remainder when 834 is divided by 268.
30
Calculate the remainder when 1066 is divided by 206.
36
What is the remainder when 53100 is divided by 424?
100
Calculate the remainder when 2781 is divided by 13.
12
What is the remainder when 1414 is divided by 280?
14
Calculate the remainder when 8682 is divided by 52.
50
Calculate the remainder when 13095 is divided by 19.
4
What is the remainder when 14382142 is divided by 36?
34
Calculate the remainder when 45959 is divided by 137.
64
Calculate the remainder when 7242 is divided by 856.
394
Calculate the remainder when 20025 is divided by 2811.
348
Calculate the remainder when 16261 is divided by 1086.
1057
Calculate the remainder when 24003 is divided by 319.
78
Calculate the remainder when 2929 is divided by 618.
457
Calculate the remainder when 3386 is divided by 78.
32
What is the remainder when 2020 is divided by 993?
34
What is the remainder when 19944 is divided by 72?
0
What is the remainder when 38894 is divided by 14?
2
What is the remainder when 10474 is divided by 167?
120
Calculate the remainder when 5320 is divided by 73.
64
Calculate the remainder when 395711 is divided by 108.
107
What is the remainder when 9069 is divided by 109?
22
What is the remainder when 143018 is divided by 71472?
74
What is the remainder when 1764 is divided by 55?
4
Calculate the remainder when 39452 is divided by 9863.
0
What is the remainder when 21977 is divided by 4394?
7
What is the remainder when 7717 is divided by 31?
29
Calculate the remainder when 10273 is divided by 10188.
85
What is the remainder when 113265 is divided by 139?
119
Calculate the remainder when 84400 is divided by 134.
114
Calculate the remainder when 3549 is divided by 1741.
67
What is the remainder when 17937 is divided by 428?
389
What is the remainder when 24871 is divided by 24847?
24
What is the remainder when 9754 is divided by 348?
10
Calculate the remainder when 143343 is divided by 10.
3
What is the remainder when 3245 is divided by 1610?
25
What is the remainder when 15183 is divided by 7587?
9
Calculate the remainder when 608 is divided by 306.
302
What is the remainder when 205763 is divided by 22?
19
Calculate the remainder when 45756 is divided by 15244.
24
Calculate the remainder when 2325 is divided by 319.
92
Calculate the remainder when 14218 is divided by 6263.
1692
Calculate the remainder when 1208 is divided by 528.
152
What is the remainder when 2243829 is divided by 5?
4
What is the remainder when 293686 is divided by 215?
211
Calculate the remainder when 120917 is divided by 587.
582
What is the remainder when 307798 is divided by 18?
16
Calculate the remainder when 95135 is divided by 111.
8
Calculate the remainder when 2708 is divided by 224.
20
What is the remainder when 210708 is divided by 190?
188
Calculate the remainder when 288283 is divided by 672.
667
What is the remainder when 8941 is divided by 169?
153
Calculate the remainder when 871351 is divided by 298.
297
Calculate the remainder when 3729 is divided by 565.
339
What is the remainder when 32391 is divided by 378?
261
Calculate the remainder when 303219 is divided by 1307.
1302
Calculate the remainder when 17267 is divided by 180.
167
What is the remainder when 1054247 is divided by 327?
326
Calculate the remainder when 6373 is divided by 1576.
69
What is the remainder when 2039 is divided by 665?
44
What is the remainder when 24085 is divided by 129?
91
What is the remainder when 29370 is divided by 4889?
36
Calculate the remainder when 21624 is divided by 5403.
12
What is the remainder when 147555 is divided by 34?
29
What is the remainder when 6800 is divided by 3399?
2
Calculate the remainder when 55081 is divided by 23.
19
Calculate the remainder when 155909 is divided by 866.
29
Calculate the remainder when 529624 is divided by 388.
4
Calculate the remainder when 1260 is divided by 61.
40
Calculate the remainder when 47958 is divided by 42.
36
Calculate the remainder when 1930 is divided by 642.
4
Calculate the remainder when 923504 is divided by 20076.
8
What is the remainder when 443650 is divided by 41?
30
What is the remainder when 1783098 is divided by 100?
98
What is the remainder when 341804 is divided by 1401?
1361
Calculate the remainder when 92403 is divided by 46197.
9
What is the remainder when 3917 is divided by 522?
263
Calculate the remainder when 604454 is divided by 100740.
14
Calculate the remainder when 10799 is divided by 39.
35
What is the remainder when 51103 is divided by 343?
339
What is the remainder when 8383 is divided by 558?
13
What is the remainder when 957 is divided by 245?
222
What is the remainder when 7357 is divided by 6222?
1135
What is the remainder when 12361 is divided by 12349?
12
Calculate the remainder when 12642 is divided by 1054.
1048
What is the remainder when 38780 is divided by 9?
8
Calculate the remainder when 1308 is divided by 161.
20
What is the remainder when 197478 is divided by 10?
8
Calculate the remainder when 608088 is divided by 691.
8
What is the remainder when 105258 is divided by 39?
36
Calculate the remainder when 1601 is divided by 397.
13
What is the remainder when 9848 is divided by 1277?
909
What is the remainder when 1699 is divided by 169?
9
Calculate the remainder when 4013 is divided by 289.
256
What is the remainder when 3430 is divided by 2566?
864
Calculate the remainder when 59454 is divided by 137.
133
Calculate the remainder when 48977 is divided by 20.
17
What is the remainder when 45135 is divided by 208?
207
Calculate the remainder when 21532 is divided by 499.
75
Calculate the remainder when 1769260 is divided by 11.
9
Calculate the remainder when 430 is divided by 315.
115
Calculate the remainder when 2358434 is divided by 70.
64
Calculate the remainder when 334 is divided by 160.
14
Calculate the remainder when 723 is divided by 307.
109
Calculate the remainder when 38315 is divided by 40.
35
Calculate the remainder when 4612 is divided by 2277.
58
Calculate the remainder when 3324648 is divided by 245.
243
Calculate the remainder when 99255 is divided by 71.
68
Calculate the remainder when 322276 is divided by 524.
16
What is the remainder when 7126 is divided by 128?
86
Calculate the remainder when 31774 is divided by 521.
514
What is the remainder when 1296299 is divided by 12?
11
Calculate the remainder when 24814 is divid